{"id":73,"date":"2025-01-30T15:02:12","date_gmt":"2025-01-30T15:02:12","guid":{"rendered":"https:\/\/www.irisfotografcilik.com\/?page_id=73"},"modified":"2025-02-01T16:18:20","modified_gmt":"2025-02-01T16:18:20","slug":"evcil-hayvan-iris-fotografciligi","status":"publish","type":"page","link":"https:\/\/www.irisfotografcilik.com\/?page_id=73","title":{"rendered":"Evcil Hayvan \u0130ris Foto\u011fraf\u00e7\u0131l\u0131\u011f\u0131"},"content":{"rendered":"\t\t<div data-elementor-type=\"wp-page\" data-elementor-id=\"73\" class=\"elementor elementor-73\">\n\t\t\t\t\t\t<section class=\"elementor-section elementor-top-section elementor-element elementor-element-81ddb69 elementor-section-height-min-height elementor-section-boxed elementor-section-height-default elementor-section-items-middle\" data-id=\"81ddb69\" data-element_type=\"section\" data-e-type=\"section\" data-settings=\"{&quot;background_background&quot;:&quot;classic&quot;,&quot;shape_divider_bottom&quot;:&quot;tilt&quot;}\">\n\t\t\t\t\t\t\t<div class=\"elementor-background-overlay\"><\/div>\n\t\t\t\t\t\t<div class=\"elementor-shape elementor-shape-bottom\" aria-hidden=\"true\" data-negative=\"false\">\n\t\t\t<svg xmlns=\"http:\/\/www.w3.org\/2000\/svg\" viewBox=\"0 0 1000 100\" preserveAspectRatio=\"none\">\n\t<path class=\"elementor-shape-fill\" d=\"M0,6V0h1000v100L0,6z\"\/>\n<\/svg>\t\t<\/div>\n\t\t\t\t\t<div class=\"elementor-container elementor-column-gap-default\">\n\t\t\t\t\t<div class=\"elementor-column elementor-col-100 elementor-top-column elementor-element elementor-element-ee0baba\" data-id=\"ee0baba\" data-element_type=\"column\" data-e-type=\"column\" data-settings=\"{&quot;background_background&quot;:&quot;classic&quot;}\">\n\t\t\t<div class=\"elementor-widget-wrap elementor-element-populated\">\n\t\t\t\t<div class=\"elementor-element elementor-element-1a45c8e e-flex e-con-boxed e-con e-parent\" data-id=\"1a45c8e\" data-element_type=\"container\" data-e-type=\"container\">\n\t\t\t\t\t<div class=\"e-con-inner\">\n\t\t<div class=\"elementor-element elementor-element-102f09c e-con-full e-flex e-con e-child\" data-id=\"102f09c\" data-element_type=\"container\" data-e-type=\"container\">\n\t\t\t\t<div class=\"elementor-element elementor-element-9a46d32 elementor-widget elementor-widget-heading\" data-id=\"9a46d32\" data-element_type=\"widget\" data-e-type=\"widget\" data-widget_type=\"heading.default\">\n\t\t\t\t\t<h2 class=\"elementor-heading-title elementor-size-default\">Evcil Hayvanlar i\u00e7in \u0130ris Foto\u011fraf\u00e7\u0131l\u0131\u011f\u0131<\/h2>\t\t\t\t<\/div>\n\t\t\t\t<\/div>\n\t\t\t\t\t<\/div>\n\t\t\t\t<\/div>\n\t\t\t\t\t<\/div>\n\t\t<\/div>\n\t\t\t\t\t<\/div>\n\t\t<\/section>\n\t\t<div class=\"elementor-element elementor-element-11c3826 e-flex e-con-boxed e-con e-parent\" data-id=\"11c3826\" data-element_type=\"container\" data-e-type=\"container\">\n\t\t\t\t\t<div class=\"e-con-inner\">\n\t\t\t\t<div class=\"elementor-element elementor-element-7198cc9 elementor-widget elementor-widget-spacer\" data-id=\"7198cc9\" data-element_type=\"widget\" data-e-type=\"widget\" data-widget_type=\"spacer.default\">\n\t\t\t\t\t\t\t<div class=\"elementor-spacer\">\n\t\t\t<div class=\"elementor-spacer-inner\"><\/div>\n\t\t<\/div>\n\t\t\t\t\t\t<\/div>\n\t\t\t\t\t<\/div>\n\t\t\t\t<\/div>\n\t\t<div class=\"elementor-element elementor-element-b31e08c e-flex e-con-boxed e-con e-parent\" data-id=\"b31e08c\" data-element_type=\"container\" data-e-type=\"container\">\n\t\t\t\t\t<div class=\"e-con-inner\">\n\t\t<div class=\"elementor-element elementor-element-7f1ac73 e-flex e-con-boxed e-con e-child\" data-id=\"7f1ac73\" data-element_type=\"container\" data-e-type=\"container\">\n\t\t\t\t\t<div class=\"e-con-inner\">\n\t\t<div class=\"elementor-element elementor-element-d76b1e3 e-con-full e-flex e-con e-child\" data-id=\"d76b1e3\" data-element_type=\"container\" data-e-type=\"container\">\n\t\t\t\t<div class=\"elementor-element elementor-element-b085923 elementor-widget elementor-widget-heading\" data-id=\"b085923\" data-element_type=\"widget\" data-e-type=\"widget\" data-widget_type=\"heading.default\">\n\t\t\t\t\t<h3 class=\"elementor-heading-title elementor-size-default\">Evcil hayvan\u0131n\u0131z i\u00e7in iris foto\u011fraf\u00e7\u0131l\u0131k<\/h3>\t\t\t\t<\/div>\n\t\t\t\t<div class=\"elementor-element elementor-element-5334926 elementor-widget elementor-widget-spacer\" data-id=\"5334926\" data-element_type=\"widget\" data-e-type=\"widget\" data-widget_type=\"spacer.default\">\n\t\t\t\t\t\t\t<div class=\"elementor-spacer\">\n\t\t\t<div class=\"elementor-spacer-inner\"><\/div>\n\t\t<\/div>\n\t\t\t\t\t\t<\/div>\n\t\t\t\t<div class=\"elementor-element elementor-element-cfe3b45 elementor-widget elementor-widget-text-editor\" data-id=\"cfe3b45\" data-element_type=\"widget\" data-e-type=\"widget\" data-widget_type=\"text-editor.default\">\n\t\t\t\t\t\t\t\t\t<p>Evcil hayvan\u0131n\u0131z\u0131n iris foto\u011fraflar\u0131n\u0131 iristograf ile benzersiz an\u0131lar ve ola\u011fan\u00fcst\u00fc bir aile portresine d\u00f6n\u00fc\u015ft\u00fcr\u00fcn.<\/p>\t\t\t\t\t\t\t\t<\/div>\n\t\t\t\t<div class=\"elementor-element elementor-element-a7b2d00 elementor-widget elementor-widget-button\" data-id=\"a7b2d00\" data-element_type=\"widget\" data-e-type=\"widget\" data-widget_type=\"button.default\">\n\t\t\t\t\t\t\t\t\t\t<a class=\"elementor-button elementor-button-link elementor-size-sm\" href=\"https:\/\/wa.me\/905425075348\" rel=\"nofollow noopener\" target=\"_blank\">\n\t\t\t\t\t\t<span class=\"elementor-button-content-wrapper\">\n\t\t\t\t\t\t\t\t\t<span class=\"elementor-button-text\">Whatsapp<\/span>\n\t\t\t\t\t<\/span>\n\t\t\t\t\t<\/a>\n\t\t\t\t\t\t\t\t<\/div>\n\t\t\t\t<\/div>\n\t\t<div class=\"elementor-element elementor-element-faea6cc e-con-full e-flex e-con e-child\" data-id=\"faea6cc\" data-element_type=\"container\" data-e-type=\"container\" data-settings=\"{&quot;background_background&quot;:&quot;classic&quot;}\">\n\t\t\t\t<\/div>\n\t\t\t\t\t<\/div>\n\t\t\t\t<\/div>\n\t\t\t\t\t<\/div>\n\t\t\t\t<\/div>\n\t\t<div class=\"elementor-element elementor-element-e02c669 e-flex e-con-boxed e-con e-parent\" data-id=\"e02c669\" data-element_type=\"container\" data-e-type=\"container\">\n\t\t\t\t\t<div class=\"e-con-inner\">\n\t\t\t\t<div class=\"elementor-element elementor-element-fad1d62 elementor-widget elementor-widget-spacer\" data-id=\"fad1d62\" data-element_type=\"widget\" data-e-type=\"widget\" data-widget_type=\"spacer.default\">\n\t\t\t\t\t\t\t<div class=\"elementor-spacer\">\n\t\t\t<div class=\"elementor-spacer-inner\"><\/div>\n\t\t<\/div>\n\t\t\t\t\t\t<\/div>\n\t\t\t\t\t<\/div>\n\t\t\t\t<\/div>\n\t\t<div class=\"elementor-element elementor-element-1103f0c e-flex e-con-boxed e-con e-parent\" data-id=\"1103f0c\" data-element_type=\"container\" data-e-type=\"container\">\n\t\t\t\t\t<div class=\"e-con-inner\">\n\t\t<div class=\"elementor-element elementor-element-3bd1354 e-con-full e-flex e-con e-child\" data-id=\"3bd1354\" data-element_type=\"container\" data-e-type=\"container\">\n\t\t<div class=\"elementor-element elementor-element-9e5ce36 e-flex e-con-boxed e-con e-child\" data-id=\"9e5ce36\" data-element_type=\"container\" data-e-type=\"container\" data-settings=\"{&quot;background_background&quot;:&quot;classic&quot;}\">\n\t\t\t\t\t<div class=\"e-con-inner\">\n\t\t<div class=\"elementor-element elementor-element-b0e9d42 e-con-full e-flex e-con e-child\" data-id=\"b0e9d42\" data-element_type=\"container\" data-e-type=\"container\" data-settings=\"{&quot;background_background&quot;:&quot;classic&quot;}\">\n\t\t\t\t<div class=\"elementor-element elementor-element-6e42b48 elementor-widget elementor-widget-image\" data-id=\"6e42b48\" data-element_type=\"widget\" data-e-type=\"widget\" data-widget_type=\"image.default\">\n\t\t\t\t\t\t\t\t\t\t\t\t\t\t\t<img fetchpriority=\"high\" decoding=\"async\" width=\"576\" height=\"1024\" src=\"https:\/\/www.irisfotografcilik.com\/wp-content\/uploads\/2025\/01\/hayvan-iris-cekimi-1-576x1024.webp\" class=\"attachment-large size-large wp-image-299\" alt=\"\" srcset=\"https:\/\/www.irisfotografcilik.com\/wp-content\/uploads\/2025\/01\/hayvan-iris-cekimi-1-576x1024.webp 576w, https:\/\/www.irisfotografcilik.com\/wp-content\/uploads\/2025\/01\/hayvan-iris-cekimi-1-169x300.webp 169w, https:\/\/www.irisfotografcilik.com\/wp-content\/uploads\/2025\/01\/hayvan-iris-cekimi-1-768x1365.webp 768w, https:\/\/www.irisfotografcilik.com\/wp-content\/uploads\/2025\/01\/hayvan-iris-cekimi-1-864x1536.webp 864w, https:\/\/www.irisfotografcilik.com\/wp-content\/uploads\/2025\/01\/hayvan-iris-cekimi-1-1152x2048.webp 1152w, https:\/\/www.irisfotografcilik.com\/wp-content\/uploads\/2025\/01\/hayvan-iris-cekimi-1-scaled.webp 1440w\" sizes=\"(max-width: 576px) 100vw, 576px\" \/>\t\t\t\t\t\t\t\t\t\t\t\t\t\t\t<\/div>\n\t\t\t\t<\/div>\n\t\t<div class=\"elementor-element elementor-element-0b878b1 e-con-full e-flex e-con e-child\" data-id=\"0b878b1\" data-element_type=\"container\" data-e-type=\"container\">\n\t\t\t\t<div class=\"elementor-element elementor-element-e935e46 elementor-widget elementor-widget-text-editor\" data-id=\"e935e46\" data-element_type=\"widget\" data-e-type=\"widget\" data-widget_type=\"text-editor.default\">\n\t\t\t\t\t\t\t\t\t<p>Her evcil hayvan\u0131n kendi hikayesi vard\u0131r ve bu hikaye size her g\u00fcn bakan g\u00f6zlere yans\u0131r.\u00a0\u00a0Etkileyici iris foto\u011fraf\u00e7\u0131l\u0131\u011f\u0131m\u0131zla, evcil hayvan\u0131n\u0131z\u0131n kendisi kadar benzersiz olan irisinin t\u00fcm ayr\u0131nt\u0131lar\u0131n\u0131 yakal\u0131yoruz.\u00a0\u00a0\u0130ster k\u00f6pek, ister kedi, ister at olsun, her foto\u011fraf, hayvan\u0131n\u0131zla olan duygusal ba\u011f\u0131 yakalayan farkl\u0131 bir sanat eserine d\u00f6n\u00fc\u015f\u00fcyor.<\/p><p>Ayr\u0131ca evcil hayvan\u0131n\u0131z\u0131n g\u00f6zlerini ailenizin g\u00f6zleri ile birle\u015ftirerek s\u0131ra d\u0131\u015f\u0131 bir aile portresi yaratma f\u0131rsat\u0131n\u0131 da sunuyoruz. Farkl\u0131 g\u00f6zlerin birle\u015fimi, birlikteli\u011finizi yeni, sanatsal bir \u015fekilde temsil edecek heyecan verici bir g\u00f6r\u00fcnt\u00fc yarat\u0131r.<\/p>\t\t\t\t\t\t\t\t<\/div>\n\t\t<div class=\"elementor-element elementor-element-34fce3a e-grid e-con-full e-con e-child\" data-id=\"34fce3a\" data-element_type=\"container\" data-e-type=\"container\">\n\t\t<div class=\"elementor-element elementor-element-83a6e12 e-con-full e-flex e-con e-child\" data-id=\"83a6e12\" data-element_type=\"container\" data-e-type=\"container\">\n\t\t\t\t<div class=\"elementor-element elementor-element-b88c0db elementor-widget elementor-widget-heading\" data-id=\"b88c0db\" data-element_type=\"widget\" data-e-type=\"widget\" data-widget_type=\"heading.default\">\n\t\t\t\t\t<h5 class=\"elementor-heading-title elementor-size-default\">\u00c7ekim \u00d6ncesi<\/h5>\t\t\t\t<\/div>\n\t\t\t\t<div class=\"elementor-element elementor-element-ac6c300 elementor-widget elementor-widget-text-editor\" data-id=\"ac6c300\" data-element_type=\"widget\" data-e-type=\"widget\" data-widget_type=\"text-editor.default\">\n\t\t\t\t\t\t\t\t\t<p>Her evcil hayvan\u0131n karakteristik \u00f6zelli\u011fi sebebiyle 100% \u00e7ekim yapmak m\u00fcmk\u00fcn olmayabilir. Hayvan dostlar\u0131m\u0131z\u0131n \u00e7ekime uyum sa\u011flay\u0131p sa\u011flamaycag\u0131n\u0131 en iyi siz bilirsiniz.<\/p>\t\t\t\t\t\t\t\t<\/div>\n\t\t\t\t<\/div>\n\t\t<div class=\"elementor-element elementor-element-2b83c74 e-con-full e-flex e-con e-child\" data-id=\"2b83c74\" data-element_type=\"container\" data-e-type=\"container\">\n\t\t\t\t<div class=\"elementor-element elementor-element-b01deb7 elementor-widget elementor-widget-heading\" data-id=\"b01deb7\" data-element_type=\"widget\" data-e-type=\"widget\" data-widget_type=\"heading.default\">\n\t\t\t\t\t<h5 class=\"elementor-heading-title elementor-size-default\">\u00c7ekim S\u0131ras\u0131nda<\/h5>\t\t\t\t<\/div>\n\t\t\t\t<div class=\"elementor-element elementor-element-f97c674 elementor-widget elementor-widget-text-editor\" data-id=\"f97c674\" data-element_type=\"widget\" data-e-type=\"widget\" data-widget_type=\"text-editor.default\">\n\t\t\t\t\t\t\t\t\t<p>\u00c7ekim s\u0131ras\u0131nda irisi ayd\u0131nlatma i\u00e7in kullandu\u0131g\u0131m\u0131z makro \u00f6l\u00e7ekli \u0131\u015f\u0131ktan rahats\u0131z olabilir ya da \u00e7ekim yapt\u0131rmak isteyebilir. \u00c7ekim ger\u00e7ekle\u015fmez ise \u0131srarc\u0131 olmay\u0131n\u0131z. \u00c7ekimi sonland\u0131r\u0131yoruz<\/p>\t\t\t\t\t\t\t\t<\/div>\n\t\t\t\t<\/div>\n\t\t\t\t<\/div>\n\t\t\t\t<\/div>\n\t\t\t\t\t<\/div>\n\t\t\t\t<\/div>\n\t\t\t\t<\/div>\n\t\t\t\t\t<\/div>\n\t\t\t\t<\/div>\n\t\t<div class=\"elementor-element elementor-element-a1c44f8 e-flex e-con-boxed e-con e-parent\" data-id=\"a1c44f8\" data-element_type=\"container\" data-e-type=\"container\">\n\t\t\t\t\t<div class=\"e-con-inner\">\n\t\t\t\t<div class=\"elementor-element elementor-element-9b8bb14 elementor-widget elementor-widget-spacer\" data-id=\"9b8bb14\" data-element_type=\"widget\" data-e-type=\"widget\" data-widget_type=\"spacer.default\">\n\t\t\t\t\t\t\t<div class=\"elementor-spacer\">\n\t\t\t<div class=\"elementor-spacer-inner\"><\/div>\n\t\t<\/div>\n\t\t\t\t\t\t<\/div>\n\t\t\t\t\t<\/div>\n\t\t\t\t<\/div>\n\t\t\t\t<\/div>\n\t\t","protected":false},"excerpt":{"rendered":"<p>Evcil Hayvanlar i\u00e7in \u0130ris Foto\u011fraf\u00e7\u0131l\u0131\u011f\u0131 Evcil hayvan\u0131n\u0131z i\u00e7in iris foto\u011fraf\u00e7\u0131l\u0131k Evcil hayvan\u0131n\u0131z\u0131n iris foto\u011fraflar\u0131n\u0131 iristograf ile benzersiz an\u0131lar ve ola\u011fan\u00fcst\u00fc bir aile portresine d\u00f6n\u00fc\u015ft\u00fcr\u00fcn. Whatsapp Her evcil hayvan\u0131n kendi hikayesi vard\u0131r ve bu hikaye size her g\u00fcn bakan g\u00f6zlere yans\u0131r.\u00a0\u00a0Etkileyici iris foto\u011fraf\u00e7\u0131l\u0131\u011f\u0131m\u0131zla, evcil hayvan\u0131n\u0131z\u0131n kendisi kadar benzersiz olan irisinin t\u00fcm ayr\u0131nt\u0131lar\u0131n\u0131 yakal\u0131yoruz.\u00a0\u00a0\u0130ster k\u00f6pek, ister kedi, [&hellip;]<\/p>\n","protected":false},"author":1,"featured_media":0,"parent":0,"menu_order":0,"comment_status":"closed","ping_status":"closed","template":"elementor_header_footer","meta":{"footnotes":""},"class_list":["post-73","page","type-page","status-publish","hentry"],"_links":{"self":[{"href":"https:\/\/www.irisfotografcilik.com\/index.php?rest_route=\/wp\/v2\/pages\/73","targetHints":{"allow":["GET"]}}],"collection":[{"href":"https:\/\/www.irisfotografcilik.com\/index.php?rest_route=\/wp\/v2\/pages"}],"about":[{"href":"https:\/\/www.irisfotografcilik.com\/index.php?rest_route=\/wp\/v2\/types\/page"}],"author":[{"embeddable":true,"href":"https:\/\/www.irisfotografcilik.com\/index.php?rest_route=\/wp\/v2\/users\/1"}],"replies":[{"embeddable":true,"href":"https:\/\/www.irisfotografcilik.com\/index.php?rest_route=%2Fwp%2Fv2%2Fcomments&post=73"}],"version-history":[{"count":0,"href":"https:\/\/www.irisfotografcilik.com\/index.php?rest_route=\/wp\/v2\/pages\/73\/revisions"}],"wp:attachment":[{"href":"https:\/\/www.irisfotografcilik.com\/index.php?rest_route=%2Fwp%2Fv2%2Fmedia&parent=73"}],"curies":[{"name":"wp","href":"https:\/\/api.w.org\/{rel}","templated":true}]}}