{"id":76,"date":"2025-01-30T15:02:12","date_gmt":"2025-01-30T15:02:12","guid":{"rendered":"https:\/\/www.irisfotografcilik.com\/?page_id=76"},"modified":"2025-02-01T16:25:29","modified_gmt":"2025-02-01T16:25:29","slug":"mobil-iris-fotografcilik","status":"publish","type":"page","link":"https:\/\/www.irisfotografcilik.com\/?page_id=76","title":{"rendered":"Mobil \u0130ris Foto\u011fraf\u00e7\u0131l\u0131k"},"content":{"rendered":"\t\t<div data-elementor-type=\"wp-page\" data-elementor-id=\"76\" class=\"elementor elementor-76\">\n\t\t\t\t\t\t<section class=\"elementor-section elementor-top-section elementor-element elementor-element-f4b3424 elementor-section-height-min-height elementor-section-boxed elementor-section-height-default elementor-section-items-middle\" data-id=\"f4b3424\" data-element_type=\"section\" data-e-type=\"section\" data-settings=\"{&quot;background_background&quot;:&quot;classic&quot;,&quot;shape_divider_bottom&quot;:&quot;tilt&quot;}\">\n\t\t\t\t\t\t\t<div class=\"elementor-background-overlay\"><\/div>\n\t\t\t\t\t\t<div class=\"elementor-shape elementor-shape-bottom\" aria-hidden=\"true\" data-negative=\"false\">\n\t\t\t<svg xmlns=\"http:\/\/www.w3.org\/2000\/svg\" viewBox=\"0 0 1000 100\" preserveAspectRatio=\"none\">\n\t<path class=\"elementor-shape-fill\" d=\"M0,6V0h1000v100L0,6z\"\/>\n<\/svg>\t\t<\/div>\n\t\t\t\t\t<div class=\"elementor-container elementor-column-gap-default\">\n\t\t\t\t\t<div class=\"elementor-column elementor-col-100 elementor-top-column elementor-element elementor-element-4ea4e71\" data-id=\"4ea4e71\" data-element_type=\"column\" data-e-type=\"column\" data-settings=\"{&quot;background_background&quot;:&quot;classic&quot;}\">\n\t\t\t<div class=\"elementor-widget-wrap elementor-element-populated\">\n\t\t\t\t<div class=\"elementor-element elementor-element-183589c e-flex e-con-boxed e-con e-parent\" data-id=\"183589c\" data-element_type=\"container\" data-e-type=\"container\">\n\t\t\t\t\t<div class=\"e-con-inner\">\n\t\t<div class=\"elementor-element elementor-element-ad97cdf e-con-full e-flex e-con e-child\" data-id=\"ad97cdf\" data-element_type=\"container\" data-e-type=\"container\">\n\t\t\t\t<div class=\"elementor-element elementor-element-8338086 elementor-widget elementor-widget-heading\" data-id=\"8338086\" data-element_type=\"widget\" data-e-type=\"widget\" data-widget_type=\"heading.default\">\n\t\t\t\t\t<h2 class=\"elementor-heading-title elementor-size-default\">Mobil \u0130ris Foto\u011fraf\u00e7\u0131l\u0131k<\/h2>\t\t\t\t<\/div>\n\t\t\t\t<\/div>\n\t\t\t\t\t<\/div>\n\t\t\t\t<\/div>\n\t\t\t\t\t<\/div>\n\t\t<\/div>\n\t\t\t\t\t<\/div>\n\t\t<\/section>\n\t\t<div class=\"elementor-element elementor-element-31dfcd1 e-flex e-con-boxed e-con e-parent\" data-id=\"31dfcd1\" data-element_type=\"container\" data-e-type=\"container\">\n\t\t\t\t\t<div class=\"e-con-inner\">\n\t\t\t\t<div class=\"elementor-element elementor-element-fda175b elementor-widget elementor-widget-text-editor\" data-id=\"fda175b\" data-element_type=\"widget\" data-e-type=\"widget\" data-widget_type=\"text-editor.default\">\n\t\t\t\t\t\t\t\t\t<p><strong>Mobil \u0130ris foto\u011fraf\u00e7\u0131l\u0131\u011f\u0131m\u0131z \u0130le ki\u015fisel hediyeleriniz benzersiz bir deneyim haline gelecek ve misafirleriniz uzun s\u00fcre etkilenecek.<\/strong><\/p>\t\t\t\t\t\t\t\t<\/div>\n\t\t\t\t\t<\/div>\n\t\t\t\t<\/div>\n\t\t\t\t<section class=\"elementor-section elementor-top-section elementor-element elementor-element-9b0339d elementor-section-boxed elementor-section-height-default elementor-section-height-default\" data-id=\"9b0339d\" data-element_type=\"section\" data-e-type=\"section\">\n\t\t\t\t\t\t<div class=\"elementor-container elementor-column-gap-default\">\n\t\t\t\t\t<div class=\"elementor-column elementor-col-50 elementor-top-column elementor-element elementor-element-be08035\" data-id=\"be08035\" data-element_type=\"column\" data-e-type=\"column\" data-settings=\"{&quot;background_background&quot;:&quot;classic&quot;}\">\n\t\t\t<div class=\"elementor-widget-wrap\">\n\t\t\t\t\t\t\t<\/div>\n\t\t<\/div>\n\t\t\t\t<div class=\"elementor-column elementor-col-50 elementor-top-column elementor-element elementor-element-726766a\" data-id=\"726766a\" data-element_type=\"column\" data-e-type=\"column\">\n\t\t\t<div class=\"elementor-widget-wrap elementor-element-populated\">\n\t\t\t\t\t\t<div class=\"elementor-element elementor-element-0697b39 elementor-widget elementor-widget-heading\" data-id=\"0697b39\" data-element_type=\"widget\" data-e-type=\"widget\" data-widget_type=\"heading.default\">\n\t\t\t\t\t<h4 class=\"elementor-heading-title elementor-size-default\">\u0130ris Foto\u011fraf\u00e7\u0131l\u0131k En \u00d6zel Hediye<\/h4>\t\t\t\t<\/div>\n\t\t\t\t<div class=\"elementor-element elementor-element-d142374 elementor-widget elementor-widget-text-editor\" data-id=\"d142374\" data-element_type=\"widget\" data-e-type=\"widget\" data-widget_type=\"text-editor.default\">\n\t\t\t\t\t\t\t\t\t<p>Size\u00a0 ve sevdiklerinize daha \u00f6nce hi\u00e7 var olmayan bir etkinlik fikri sunuyoruz.<\/p><p>\u0130ris \u00e7ekimi mobil foto\u011fraf\u00e7\u0131l\u0131k sayesinde Her yerde, \u015firketinizde veya se\u00e7ti\u011finiz bir yerde ve d\u0131\u015f mekanlarda m\u00fcmk\u00fcnd\u00fc<\/p>\t\t\t\t\t\t\t\t<\/div>\n\t\t\t\t<div class=\"elementor-element elementor-element-02e6c1a elementor-widget elementor-widget-text-editor\" data-id=\"02e6c1a\" data-element_type=\"widget\" data-e-type=\"widget\" data-widget_type=\"text-editor.default\">\n\t\t\t\t\t\t\t\t\t<p>Her g\u00fcn etraf\u0131n\u0131zda y\u00fczlerce g\u00f6z g\u00f6r\u00fcyorsunuz. Ama ger\u00e7ek g\u00fczelliklerini fark etmiyorsunuz. Bizim yard\u0131m\u0131m\u0131zla sadece g\u00f6zlerinizin irisini de\u011fil, bir sanat eserini g\u00f6receksiniz.<\/p>\t\t\t\t\t\t\t\t<\/div>\n\t\t\t\t\t<\/div>\n\t\t<\/div>\n\t\t\t\t\t<\/div>\n\t\t<\/section>\n\t\t<div class=\"elementor-element elementor-element-6788b23 e-flex e-con-boxed e-con e-parent\" data-id=\"6788b23\" data-element_type=\"container\" data-e-type=\"container\">\n\t\t\t\t\t<div class=\"e-con-inner\">\n\t\t<div class=\"elementor-element elementor-element-d1ee5f9 e-flex e-con-boxed e-con e-child\" data-id=\"d1ee5f9\" data-element_type=\"container\" data-e-type=\"container\">\n\t\t\t\t\t<div class=\"e-con-inner\">\n\t\t<div class=\"elementor-element elementor-element-7d90b99 e-con-full e-flex e-con e-child\" data-id=\"7d90b99\" data-element_type=\"container\" data-e-type=\"container\">\n\t\t\t\t<div class=\"elementor-element elementor-element-4e2efdc elementor-widget elementor-widget-heading\" data-id=\"4e2efdc\" data-element_type=\"widget\" data-e-type=\"widget\" data-widget_type=\"heading.default\">\n\t\t\t\t\t<h3 class=\"elementor-heading-title elementor-size-default\">Nas\u0131l \u00c7al\u0131\u015f\u0131r ?<\/h3>\t\t\t\t<\/div>\n\t\t\t\t<div class=\"elementor-element elementor-element-b62b270 elementor-widget elementor-widget-spacer\" data-id=\"b62b270\" data-element_type=\"widget\" data-e-type=\"widget\" data-widget_type=\"spacer.default\">\n\t\t\t\t\t\t\t<div class=\"elementor-spacer\">\n\t\t\t<div class=\"elementor-spacer-inner\"><\/div>\n\t\t<\/div>\n\t\t\t\t\t\t<\/div>\n\t\t\t\t<div class=\"elementor-element elementor-element-58be4d4 elementor-widget elementor-widget-text-editor\" data-id=\"58be4d4\" data-element_type=\"widget\" data-e-type=\"widget\" data-widget_type=\"text-editor.default\">\n\t\t\t\t\t\t\t\t\t<p>Profesyonel foto\u011fraf\u00e7\u0131 ekibimiz, adresinize gelip mobil bir stand kuracakt\u0131r.<\/p><p>irislerin foto\u011fraflanmas\u0131 yakla\u015f\u0131k bir dakika s\u00fcr\u00fcyor, ard\u0131ndan kamerada g\u00f6zlerinin \u00f6n izlemesi yap\u0131l\u0131yor, ilgin\u00e7 \u00f6zellikleri ve onu benzersiz k\u0131lan \u015fey hakk\u0131nda bir a\u00e7\u0131klama yap\u0131l\u0131yor.<\/p><p>Merkezimiz \u0130zmir\u2019de olmas\u0131na ra\u011fmen d\u00fcnyan\u0131n her yerine seyahat ediyoruz.<\/p>\t\t\t\t\t\t\t\t<\/div>\n\t\t\t\t<\/div>\n\t\t<div class=\"elementor-element elementor-element-f4c8803 e-con-full e-flex e-con e-child\" data-id=\"f4c8803\" data-element_type=\"container\" data-e-type=\"container\" data-settings=\"{&quot;background_background&quot;:&quot;classic&quot;}\">\n\t\t\t\t<\/div>\n\t\t\t\t\t<\/div>\n\t\t\t\t<\/div>\n\t\t\t\t\t<\/div>\n\t\t\t\t<\/div>\n\t\t<div class=\"elementor-element elementor-element-7503e74 e-flex e-con-boxed e-con e-parent\" data-id=\"7503e74\" data-element_type=\"container\" data-e-type=\"container\" data-settings=\"{&quot;background_background&quot;:&quot;classic&quot;}\">\n\t\t\t\t\t<div class=\"e-con-inner\">\n\t\t<div class=\"elementor-element elementor-element-371c98c e-grid e-con-full e-con e-child\" data-id=\"371c98c\" data-element_type=\"container\" data-e-type=\"container\">\n\t\t<div class=\"elementor-element elementor-element-35f6b4e e-con-full e-flex e-con e-child\" data-id=\"35f6b4e\" data-element_type=\"container\" data-e-type=\"container\" data-settings=\"{&quot;background_background&quot;:&quot;classic&quot;}\">\n\t\t\t\t<\/div>\n\t\t<div class=\"elementor-element elementor-element-a1e3314 e-con-full e-flex e-con e-child\" data-id=\"a1e3314\" data-element_type=\"container\" data-e-type=\"container\">\n\t\t\t\t<div class=\"elementor-element elementor-element-10bf3d0 elementor-widget elementor-widget-heading\" data-id=\"10bf3d0\" data-element_type=\"widget\" data-e-type=\"widget\" data-widget_type=\"heading.default\">\n\t\t\t\t\t<h3 class=\"elementor-heading-title elementor-size-default\">G\u00f6zlerinizi sanata d\u00f6n\u00fc\u015ft\u00fcr\u00fcyoruz!<\/h3>\t\t\t\t<\/div>\n\t\t\t\t<div class=\"elementor-element elementor-element-f190248 elementor-widget elementor-widget-text-editor\" data-id=\"f190248\" data-element_type=\"widget\" data-e-type=\"widget\" data-widget_type=\"text-editor.default\">\n\t\t\t\t\t\t\t\t\t<p><strong>Bir sonraki etkinli\u011finizde konuklar\u0131n\u0131z\u0131n hayrete d\u00fc\u015fmesine izin verin!<br \/><\/strong>Benzersiz iris foto\u011fraf\u00e7\u0131l\u0131\u011f\u0131m\u0131zla etkinli\u011finizin\u00a0\u00a0unutulmaz bir vurguya d\u00f6n\u00fc\u015fmesi garantilidir.<\/p><p>\u0130ster kurumsal bir kutlama, ister m\u00fc\u015fteri te\u015fviki,\u00a0\u00a0ister d\u00fc\u011f\u00fcn olsun \u2013 foto\u011fraf\u00e7\u0131lar\u0131m\u0131z\u00a0 konuklar\u0131n\u0131z\u0131 etkileyecek nefes kesici g\u00f6r\u00fcnt\u00fcler yarat\u0131r.\u00a0\u00a0<\/p>\t\t\t\t\t\t\t\t<\/div>\n\t\t\t\t<\/div>\n\t\t\t\t<\/div>\n\t\t\t\t<div class=\"elementor-element elementor-element-2863679 elementor-widget elementor-widget-spacer\" data-id=\"2863679\" data-element_type=\"widget\" data-e-type=\"widget\" data-widget_type=\"spacer.default\">\n\t\t\t\t\t\t\t<div class=\"elementor-spacer\">\n\t\t\t<div class=\"elementor-spacer-inner\"><\/div>\n\t\t<\/div>\n\t\t\t\t\t\t<\/div>\n\t\t\t\t\t<\/div>\n\t\t\t\t<\/div>\n\t\t\t\t<\/div>\n\t\t","protected":false},"excerpt":{"rendered":"<p>Mobil \u0130ris Foto\u011fraf\u00e7\u0131l\u0131k Mobil \u0130ris foto\u011fraf\u00e7\u0131l\u0131\u011f\u0131m\u0131z \u0130le ki\u015fisel hediyeleriniz benzersiz bir deneyim haline gelecek ve misafirleriniz uzun s\u00fcre etkilenecek. \u0130ris Foto\u011fraf\u00e7\u0131l\u0131k En \u00d6zel Hediye Size\u00a0 ve sevdiklerinize daha \u00f6nce hi\u00e7 var olmayan bir etkinlik fikri sunuyoruz. \u0130ris \u00e7ekimi mobil foto\u011fraf\u00e7\u0131l\u0131k sayesinde Her yerde, \u015firketinizde veya se\u00e7ti\u011finiz bir yerde ve d\u0131\u015f mekanlarda m\u00fcmk\u00fcnd\u00fc Her g\u00fcn etraf\u0131n\u0131zda [&hellip;]<\/p>\n","protected":false},"author":1,"featured_media":0,"parent":0,"menu_order":0,"comment_status":"closed","ping_status":"closed","template":"elementor_header_footer","meta":{"footnotes":""},"class_list":["post-76","page","type-page","status-publish","hentry"],"_links":{"self":[{"href":"https:\/\/www.irisfotografcilik.com\/index.php?rest_route=\/wp\/v2\/pages\/76","targetHints":{"allow":["GET"]}}],"collection":[{"href":"https:\/\/www.irisfotografcilik.com\/index.php?rest_route=\/wp\/v2\/pages"}],"about":[{"href":"https:\/\/www.irisfotografcilik.com\/index.php?rest_route=\/wp\/v2\/types\/page"}],"author":[{"embeddable":true,"href":"https:\/\/www.irisfotografcilik.com\/index.php?rest_route=\/wp\/v2\/users\/1"}],"replies":[{"embeddable":true,"href":"https:\/\/www.irisfotografcilik.com\/index.php?rest_route=%2Fwp%2Fv2%2Fcomments&post=76"}],"version-history":[{"count":0,"href":"https:\/\/www.irisfotografcilik.com\/index.php?rest_route=\/wp\/v2\/pages\/76\/revisions"}],"wp:attachment":[{"href":"https:\/\/www.irisfotografcilik.com\/index.php?rest_route=%2Fwp%2Fv2%2Fmedia&parent=76"}],"curies":[{"name":"wp","href":"https:\/\/api.w.org\/{rel}","templated":true}]}}